hat is the remainder when ((-21)/(-9))/((-6)/(-90)) is divided by 9?
8
Let b = -5 + 3. Let z(v) = 12*v**2 + 2. Let r be z(b). Suppose -r = -4*t - t. Calculate the remainder when t is divided by 6.
4
Let d = -1 + -2. Suppose -66 = -5*h - 4*s, -5*s + 5 + 15 = 0. What is the remainder when (2/d)/((-4)/174) is divided by h?
9
Let d = 2 - -2. Suppose -3*j = d*y - 5 + 11, 0 = y + 3*j + 6. Suppose -g + 4*g - 6 = y. Calculate the remainder when 4 is divided by g.
0
Let o = 1 - -3. Suppose 30 = 5*w - o*p, 4*w + 0*p + 4*p + 12 = 0. Suppose 4*r = 39 - 19. What is the remainder when r is divided by w?
1
Let z(u) = 245*u**2 - u + 1. Let y be z(1). Suppose -x - 6 = -2*x. Suppose -j - y = -x*j. Calculate the remainder when j is divided by 17.
15
Suppose -5*a + 92 + 173 = 0. Suppose p + 6*i - 7*i - 18 = 0, -64 = -4*p + 2*i. Calculate the remainder when a is divided by p.
11
Let q be 8/(-48) + 110/12. Suppose 3*c + 43 = 5*m - q, 5*m + 4*c - 24 = 0. What is the remainder when m is divided by 5?
3
Suppose -4 - 4 = -4*r. Suppose -2*q - r*q - 44 = 0. Let g = -2 - q. What is the remainder when 16 is divided by g?
7
Calculate the remainder when 28 is divided by (2 - 0) + 11 + -11 + 9.
6
Suppose -5*c - 4 - 16 = 0. What is the remainder when c/18 + (-236)/(-9) is divided by 7?
5
Suppose -4*f + f = -33. Let z = 1 + -6. Let l = f + z. What is the remainder when 10 is divided by l?
4
Suppose -4*r = -6*v + v - 11, v = 4*r - 31. Let p(l) = -l**3 - 4*l**2 + 3*l + 5. Calculate the remainder when p(-5) is divided by r.
6
Let j = 3 - 0. What is the remainder when 10 is divided by j?
1
Suppose 0*m + 48 = 4*m. Let h be 0/(-2)*(1 + -2). Suppose 2*t - 144 + 54 = h. Calculate the remainder when t is divided by m.
9
Suppose -5*k = k - 24. What is the remainder when 5 is divided by k?
1
Let f(m) = m**3 - 11*m**2 + 6*m - 31. Calculate the remainder when f(11) is divided by 18.
17
Let n = -51 - -71. What is the remainder when n is divided by 3?
2
Suppose -3*b - 3*v + 35 + 19 = 0, -2*b + 4*v = -60. What is the remainder when 130 is divided by b?
20
Suppose a + 2*a = -4*k + 1, 27 = 3*k - 3*a. Let z = -10 - -27. Let q = z + -10. What is the remainder when q is divided by k?
3
Calculate the remainder when 15/6*28 - 1 is divided by 18.
15
What is the remainder when -2*(-1 + -36) + 5 + -2 is divided by (32/(-10))/((-2)/10)?
13
Let w(x) = x**2 - 10*x - 2. Let g be w(11). Suppose 3*q = -h + g, -h = -3*q - 3*h + 12. Calculate the remainder when 17 is divided by 2*(-12)/(-3) - q.
5
Suppose 2*v + c = 37, -3*v - 2*c + 5*c + 42 = 0. Calculate the remainder when 167 is divided by v.
14
Suppose 2*q - 2*s = -2*q + 314, q = -2*s + 91. Suppose q = -z + 4*z. Calculate the remainder when z is divided by 7.
6
Let u = 0 + 0. Suppose -2*w + 5*w - 45 = u. Calculate the remainder when w is divided by 4.
3
What is the remainder when (-121)/(-3) - 7/21 is divided by 21?
19
Let z = 22 + -12. Let a = 1 + 2. Suppose 11 + 1 = 4*y + 4*j, 2*y - a*j = 11. Calculate the remainder when z is divided by y.
2
Let z = -52 + 67. Calculate the remainder when z is divided by 10.
5
Suppose 23 = 5*o + 2*i, -o + 4*o = 3*i + 18. Let q = 13 + 0. Suppose 5*w + 104 = q*w. Calculate the remainder when w is divided by o.
3
Suppose 7*x - 70 = 2*x. What is the remainder when x is divided by 4?
2
Let j(a) = a**2 - 4*a + 5. What is the remainder when 47 is divided by j(5)?
7
Let a = -59 + 112. What is the remainder when a is divided by 29?
24
Let h be 5*(3 - -40) + -3. Suppose w - h = -3*w. Suppose -4*x + w = 21. Calculate the remainder when 15 is divided by x.
7
Let i = 24 + -16. Suppose 7*o = 3*o + 124. What is the remainder when o is divided by i?
7
Let k = -366 - -522. What is the remainder when k is divided by 40?
36
Let o(x) = x**3 - 14*x**2 + 2*x - 2. Let u be o(14). Let z = -16 + u. Calculate the remainder when z is divided by 6.
4
Let i = -1 + -5. Let b be (-4)/i - 10/(-3). Calculate the remainder when (b/(-8))/(1/(-38)) is divided by 7.
5
Let q = 199 - 163. What is the remainder when 321 is divided by q?
33
Let u = 5 + -8. What is the remainder when 3/((-12)/8)*-2 is divided by 12/18 + (-7)/u?
1
Let q be (-1)/(-2) + 87/(-2). Let w = -29 - q. Calculate the remainder when 40 is divided by w.
12
Let g(q) = -q**3 + 8*q**2 + 7*q - 19. Calculate the remainder when 73 is divided by g(8).
36
Let t(s) = -s + s - 3 + s. Let w be t(-8). Calculate the remainder when 21 is divided by 0 - (0 + w/1).
10
Let g(k) = -6*k**3 - 5*k + 1. Calculate the remainder when g(-2) is divided by 6.
5
Let y = -4 + 7. Suppose 0*n = y*n - 78. What is the remainder when n is divided by 14?
12
Suppose -a = 3 + 7. Let r = -6 - a. Suppose d = 2, r*x - 3*d = -x + 179. Calculate the remainder when x is divided by 13.
11
Let t(s) = -12*s + 1. Let g(b) = 13*b - 2. Let k(r) = -4*g(r) - 5*t(r). Calculate the remainder when k(2) is divided by 5.
4
Let p(y) be the first derivative of -y**4/4 - y**3/3 + y**2/2 + 13*y + 3. Let i(c) = -c + 1. Let j be i(1). What is the remainder when 49 is divided by p(j)?
10
Let w = 87 - 29. What is the remainder when w is divided by 20?
18
Let n = 95 - 72. What is the remainder when n is divided by 13?
10
Let d(u) = -u**3 - 3*u**2 - u - 4. Let v = 2 - -4. Calculate the remainder when d(-4) is divided by v.
4
Let s(p) = -p**2 - 7*p + 6. Let q be s(-7). Let j(w) = 0 + 1 + w - 2. What is the remainder when 8 is divided by j(q)?
3
Let r = 65 + -21. What is the remainder when r is divided by 15?
14
Let t(f) = 1 - 3*f**2 + 3*f - 4 - f + 4*f**3. Suppose -5*h + 7 = -3. What is the remainder when t(h) is divided by 11?
10
Let d(v) = 8*v**2 + v. Suppose 0 = -2*o - 2*o - 12. Let s = 2 + o. Calculate the remainder when 20 is divided by d(s).
6
Let m = -28 - -31. What is the remainder when 21 is divided by m?
0
Let q = -1 + -3. What is the remainder when ((-72)/(-10))/(q/(-50)) is divided by 31?
28
Let w = -20 - -28. Let h = -20 - -34. Calculate the remainder when h is divided by w.
6
What is the remainder when 118 is divided by (2/(-4))/(9/(-216))?
10
Let o(j) = j**3 + 3*j**2 - 2*j + 3. Let k be o(2). Suppose -4*w + 3*s + k = -100, -w - s = -21. Calculate the remainder when w is divided by 9.
8
Let c = -4 + 6. Suppose f - 2 = 1. Suppose -f*y = -2*y - 2. Calculate the remainder when y is divided by c.
0
Suppose -2*t + 2 = c, 0 = 5*c - 3*c - t + 11. Let l = c - -6. Suppose 15 = r + l*r. What is the remainder when r is divided by 2?
1
Let o be (-435)/(-25)*(0 - -5). Suppose 4*m = 2*m - 3*f + 71, 2*f + o = 3*m. Suppose -6*r + r = -40. Calculate the remainder when m is divided by r.
7
Let h be 1 + (-1 + 15 - -3). Let x = h - 7. Suppose 5 = 4*d - o - x, 0 = -3*d + 5*o + 12. What is the remainder when d is divided by 3?
1
What is the remainder when (-95)/(-3) + 5/15 is divided by 1/2*17*2?
15
Let t = -11 + 8. Let p = t + 17. Calculate the remainder when 55 is divided by p.
13
Let q = -81 + 100. What is the remainder when 301 is divided by q?
16
What is the remainder when 471/11 - 4*(-3)/66 is divided by 22?
21
Calculate the remainder when 3 - ((-16)/(-56) - 928/14) is divided by 18.
15
Suppose 3*s - 30 = 45. What is the remainder when 73 is divided by s?
23
Let t be (-58)/(-4)*2*-1. Let b = 77 + t. Calculate the remainder when b is divided by 17.
14
Calculate the remainder when 125 is divided by (-74 - 2)/(-4) + -1.
17
Let j be ((-2)/3)/((-2)/24). Let o(v) = -v**2 + 3*v + 5. Let a be o(-2). Let t = a + j. Calculate the remainder when 8 is divided by t.
2
Suppose 0 = 4*l - 9*l + 30. Suppose 4*q - 34 = l. What is the remainder when q is divided by 6?
4
Let j(k) = 1 - 2*k - 4 - 2 + 6. What is the remainder when j(-5) is divided by 4?
3
Let k be 1*-2*669/(-6). Let d = -153 + k. Calculate the remainder when d is divided by 24.
22
Let r(q) = 8*q + 2. Let v(h) = -h. Let g(l) = -2*r(l) - 14*v(l). Suppose -8*m + 3*m - 2*t = 17, 2 = -2*t. What is the remainder when 7 is divided by g(m)?
1
Let j(u) = -10*u + 0*u - 3 - u**2 + 4*u. Let i be j(-5). Suppose -2*n + i*l - 3*l + 8 = 0, 0 = -3*n - 2*l + 13. What is the remainder when 7 is divided by n?
1
Suppose -2*v = c - 33, -4*c + 127 = 3*v + 10. Suppose 3*q - c = -0*q. Suppose -3*y + 33 = -q. Calculate the remainder when 26 is divided by y.
12
Suppose 3*w - 4*w = 0. Let o(l) = -l + 2*l**2 - 3*l**2 + 1 + 2*l + w*l - 10*l*